digit of 12256?
2
What is the thousands digit of 1543?
1
What is the hundreds digit of 120309?
3
What is the tens digit of 3635?
3
What is the thousands digit of 19447?
9
What is the units digit of 2023?
3
What is the tens digit of 892?
9
What is the tens digit of 49451?
5
What is the hundreds digit of 76687?
6
What is the ten thousands digit of 11195?
1
What is the hundreds digit of 16306?
3
What is the ten thousands digit of 15667?
1
What is the tens digit of 20111?
1
What is the thousands digit of 6337?
6
What is the ten thousands digit of 163224?
6
What is the hundreds digit of 3733?
7
What is the tens digit of 419?
1
What is the tens digit of 34243?
4
What is the hundreds digit of 675?
6
What is the tens digit of 921?
2
What is the thousands digit of 6227?
6
What is the thousands digit of 57615?
7
What is the tens digit of 312?
1
What is the units digit of 277?
7
What is the thousands digit of 1028?
1
What is the thousands digit of 1700?
1
What is the thousands digit of 1152?
1
What is the tens digit of 899?
9
What is the hundreds digit of 471?
4
What is the units digit of 69950?
0
What is the tens digit of 1527?
2
What is the thousands digit of 16130?
6
What is the hundreds digit of 1674?
6
What is the tens digit of 40295?
9
What is the tens digit of 92740?
4
What is the units digit of 183383?
3
What is the hundreds digit of 12744?
7
What is the tens digit of 8681?
8
What is the units digit of 5778?
8
What is the units digit of 1372?
2
What is the tens digit of 365?
6
What is the units digit of 17?
7
What is the ten thousands digit of 161154?
6
What is the thousands digit of 2726?
2
What is the hundreds digit of 1952?
9
What is the thousands digit of 1505?
1
What is the units digit of 21429?
9
What is the hundreds digit of 40152?
1
What is the ten thousands digit of 20669?
2
What is the hundred thousands digit of 126994?
1
What is the units digit of 1177?
7
What is the hundreds digit of 2638?
6
What is the thousands digit of 60324?
0
What is the hundreds digit of 107391?
3
What is the hundreds digit of 2399?
3
What is the units digit of 693?
3
What is the units digit of 6503?
3
What is the thousands digit of 1442?
1
What is the units digit of 447?
7
What is the units digit of 1043?
3
What is the tens digit of 17590?
9
What is the hundreds digit of 111433?
4
What is the hundreds digit of 820?
8
What is the hundreds digit of 7618?
6
What is the tens digit of 69630?
3
What is the hundreds digit of 2095?
0
What is the units digit of 43?
3
What is the tens digit of 9061?
6
What is the thousands digit of 1432?
1
What is the hundreds digit of 37473?
4
What is the thousands digit of 3075?
3
What is the thousands digit of 2216?
2
What is the thousands digit of 6751?
6
What is the thousands digit of 1943?
1
What is the hundreds digit of 15179?
1
What is the ten thousands digit of 70067?
7
What is the thousands digit of 4286?
4
What is the units digit of 17067?
7
What is the hundreds digit of 954?
9
What is the tens digit of 2214?
1
What is the units digit of 2547?
7
What is the units digit of 1658?
8
What is the tens digit of 541?
4
What is the hundreds digit of 20860?
8
What is the ten thousands digit of 80518?
8
What is the tens digit of 259?
5
What is the units digit of 23460?
0
What is the units digit of 354?
4
What is the units digit of 9208?
8
What is the hundreds digit of 2005?
0
What is the units digit of 1967?
7
What is the hundreds digit of 4069?
0
What is the thousands digit of 41018?
1
What is the units digit of 5711?
1
What is the tens digit of 2255?
5
What is the hundreds digit of 27712?
7
What is the hundred thousands digit of 141381?
1
What is the tens digit of 688?
8
What is the tens digit of 4632?
3
What is the hundreds digit of 44298?
2
What is the units digit of 12161?
1
What is the ten thousands digit of 50842?
5
What is the thousands digit of 45749?
5
What is the hundreds digit of 1337?
3
What is the tens digit of 5145?
4
What is the hundreds digit of 22318?
3
What is the units digit of 24278?
8
What is the tens digit of 70743?
4
What is the thousands digit of 1158?
1
What is the hundreds digit of 378?
3
What is the tens digit of 8400?
0
What is the thousands digit of 1119?
1
What is the units digit of 72164?
4
What is the thousands digit of 1071?
1
What is the hundreds digit of 368?
3
What is the tens digit of 1056?
5
What is the tens digit of 36?
3
What is the thousands digit of 15851?
5
What is the tens digit of 1749?
4
What is the ten thousands digit of 27286?
2
What is the tens digit of 6510?
1
What is the thousands digit of 8812?
8
What is the hundreds digit of 10256?
2
What is the thousands digit of 39426?
9
What is the thousands digit of 1970?
1
What is the units digit of 2539?
9
What is the units digit of 40041?
1
What is the tens digit of 4208?
0
What is the thousands digit of 1200?
1
What is the hundreds digit of 13378?
3
What is the tens digit of 15586?
8
What is the tens digit of 75168?
6
What is the units digit of 472?
2
What is the units digit of 333?
3
What is the tens digit of 3160?
6
What is the units digit of 21352?
2
What is the ten thousands digit of 115770?
1
What is the hundreds digit of 32704?
7
What is the units digit of 5448?
8
What is the hundreds digit of 182539?
5
What is the hundreds digit of 502?
5
What is the thousands digit of 7956?
7
What is the tens digit of 2520?
2
What is the hundreds digit of 76350?
3
What is the thousands digit of 67506?
7
What is the units digit of 7317?
7
What is the tens digit of 1136?
3
What is the tens digit of 309?
0
What is the hundreds digit of 1373?
3
What is the tens digit of 364?
6
What is the hundreds digit of 310?
3
What is the units digit of 157?
7
What is the ten thousands digit of 23937?
2
What is the ten thousands digit of 11281?
1
What is the hundreds digit of 57339?
3
What is the thousands digit of 1693?
1
What is the thousands digit of 2654?
2
What is the thousands digit of 6020?
6
What is the hundreds digit of 824?
8
What is the units digit of 1642?
2
What is the units digit of 213?
3
What is the ten thousands digit of 14178?
1
What is the tens digit of 20015?
1
What is the units digit of 1847?
7
What is the units digit of 8?
8
What is the hundreds digit of 4188?
1
What is the ten thousands digit of 24167?
2
What is the hundreds digit of 12515?
5
What is the thousands digit of 3435?
3
What is the ten thousands digit of 10402?
1
What is the units digit of 1741?
1
What is the units digit of 30966?
6
What is the tens digit of 9208?
0
What is the tens digit of 8136?
3
What is the units digit of 14843?
3
What is the units digit of 5353?
3
What is the hundreds digit of 95441?
4
What is the hundreds digit of 891?
8
What is the thousands digit of 2210?
2
What is the thousands digit of 8441?
8
What is the thousands digit of 5902?
5
What is the units digit of 1049?
9
What is the thousands digit of 13576?
3
What is the tens digit of 47?
4
What is the hundred thousands digit of 123153?
1
What is the hundreds digit of 1984?
9
What is the hundreds digit of 6104?
1
What is the thousands digit of 16054?
6
What is the thousands digit of 5389?
5
What is the ten thousands digit of 18312?
1
What is the tens digit of 5160?
6
What is the hundred thousands digit of 152235?
1
What is the units digit of 88496?
6
What is the hundreds digit of 913?
9
What is the tens digit of 3888?
8
What is the hundreds digit of 6563?
5
What is the ten thousands digit of 120312?
2
What is the thousands digit of 1000?
1
What is the hundreds digit of 2153?
1
What is the tens digit of 8991?
9
What is the thousands digit of 10364?
0
What is the hundreds digit of 2704?
7
What is the tens digit of 1530?
3
What is the thousands digit of 10242?
0
What is the thousands digit of 16926?
6
What is the units digit of 7505?
5
What is the units digit of 4885?
5
What is the hundreds digit of 3370?
3
What is the units digit of 444?
4
What is the tens digit of 563?
6
What is the hundreds digit of 838?
8
What is the tens digit of 102109?
0
What is the units digit of 5007?
7
What is the thousands digit of 1878?
1
What is the hundreds digit of 2396?
3
What is the hundreds digit of 7739?
7
What is the thousands digit of 35562?
5
What is the units digit of 2409?
9
What is the units digit of 54682?
2
What is th